ommon factor of 62 and u.
31
Suppose -59*z = 48*z - 1143310 + 394738. What is the greatest common factor of z and 132?
132
Let o = -99 + 141. Suppose 3*p - 338 = -l - 4*l, -4*l - 3*p = -268. Let v be 2960/l - 2/7. What is the highest common factor of o and v?
42
Suppose 32*c - 36*c = 76. Let d = c + 36. What is the greatest common divisor of 119 and d?
17
Suppose -4*w - 1413*o + 1418*o = -239, 3*o = -4*w + 183. Calculate the highest common factor of w and 2397.
51
Let z(m) = m**3 + 6*m**2 - 21*m - 21. Let p = -149 - -141. Let t be z(p). Calculate the highest common factor of t and 608.
19
Let s(c) = 68*c - 26. Let t be s(1). Calculate the greatest common divisor of 406 and t.
14
Let f be -2 - -6 - (12 - 2). Let y be (f + -3)*(19 + 0)*-1. Let q = 38 - 19. What is the greatest common divisor of y and q?
19
Let g = 145 + -243. Let i be (g/(-35))/(2/(-20)*-4). Suppose -4*u + 78 + 174 = 0. Calculate the highest common divisor of i and u.
7
Suppose 0 = 8*q - 1705 + 297. Calculate the highest common factor of 374 and q.
22
Let u(z) = -552*z - 2169. Let a be u(-4). What is the greatest common divisor of 447 and a?
3
Let w be 11 + -1 - (-6)/3. Let g(t) = -13*t + 1 + 0*t**2 + 10 + 8 + t**2. Let o be g(w). Calculate the greatest common divisor of o and 70.
7
Let u = -5039 + 5047. What is the highest common factor of 3400 and u?
8
Suppose -7*s + 322 = 7*s. Let w = -40 + 43. Suppose w*v + 0*v = -4*y + 178, 4*y - 5*v = 194. Calculate the greatest common factor of y and s.
23
Let m be (-12)/18 + (-124)/(-6). Let c(r) = 2*r**2 + 142*r + 2818. Let d be c(-23). What is the greatest common divisor of d and m?
10
Let b(c) = -2*c**3 + c**2 - 5*c + 88. Let t be b(0). Calculate the greatest common factor of 506 and t.
22
Let j(m) = m**2 + 8*m + 25. Let g be j(-3). Let d(w) = 31*w**2 - 2*w. Let z be d(2). Let p = -30 + z. What is the highest common divisor of p and g?
10
Let u(h) = 2*h**2 + 18*h + 36. Let l be u(-12). Suppose 4*m - 2*a - l = 0, -3*a + 79 = 3*m - 4*a. What is the greatest common factor of 50 and m?
25
Let f(h) = -3*h + 7. Suppose -2*s - 4 + 36 = 0. Suppose -4*n - 2*w - s = 0, -n - 12 = 3*w - 3. Let d be f(n). What is the highest common divisor of d and 2?
2
Suppose -1659*m + 216807 = 70815. Let h be (-9)/(-6) + (-1)/(-2). Suppose d - 8 = -n, 43 = -h*n + 7*n + 4*d. What is the greatest common divisor of m and n?
11
Let t(p) = -7*p - 7. Let c be t(-13). Suppose 2*m + 51 = 4*z - 61, -m = -3*z + 84. What is the greatest common factor of z and c?
28
Suppose -687*m + 691*m = 58580. What is the highest common factor of m and 116?
29
Suppose -5 + 0 = -5*c. Let y be (-4 + 12)/(1 + c). Suppose 6*p - 3*p = -3*k + 51, -2*p + 74 = y*k. Calculate the highest common factor of k and 40.
20
Suppose -2*m + 3 = m, 3*m - 2453 = -5*g. Let p be (-674)/(-14) - 70/g. What is the greatest common divisor of p and 18?
6
Suppose -4*g + 1276 = -4*f, 3*f + 0*g + 3*g + 981 = 0. Let p = -318 - f. Calculate the greatest common divisor of p and 45.
5
Let v = 83 + 60. Let z = v + -122. Calculate the greatest common factor of z and 105.
21
Let n be (10 - 30)*284/(-5). What is the greatest common divisor of n and 32?
16
Let w be 15*2/((-4)/(-30)). Let r = 31311 - 31286. Calculate the greatest common divisor of w and r.
25
Let h be -147*(1120/(-390) - 5) + 2/(-13). What is the greatest common factor of h and 13?
13
Suppose 3*c - c + 3*r = 43, r - 75 = -5*c. Suppose 3*y - 1507*d - 33 = -1504*d, 5*y - 27 = d. Calculate the greatest common factor of c and y.
2
Let h = -101 - -561. Let w = -456 + h. What is the highest common divisor of 76 and w?
4
Let a(q) = 3*q**2 - 15*q + 44. Let p be a(9). Let k = -56 - -85. Suppose -k = -3*h + 28. What is the greatest common divisor of p and h?
19
Let u be (-1542548)/1068*(-201)/7. What is the highest common factor of 67 and u?
67
Let f = -281 + 197. Let o = f + 179. What is the highest common factor of 76 and o?
19
Let s(v) be the first derivative of v**4/4 - 6*v**3 + 25*v**2/2 - v + 50. Let i be s(17). Calculate the highest common factor of 15 and i.
15
Let r = 49 - 41. Let o = 19 - r. Suppose -3*b + 5 = 5*f - 38, -f + 19 = -2*b. Calculate the highest common factor of o and f.
11
Let k(s) = s**3 - 21*s**2 - 29*s + 153. Let c be k(22). Let r be (2 - -71) + -5*(0 - c). What is the highest common divisor of 340 and r?
68
Suppose -11*x + x + 208 = -2*x. What is the greatest common divisor of 6253 and x?
13
Suppose o - 1512 - 1552 = -3*j, 0 = 4*j + 3*o - 4092. Calculate the highest common divisor of j and 5355.
255
Let t(k) = 15*k**2 - 47*k - 8. Let b be t(4). What is the highest common factor of 2882 and b?
22
Let s = -675 - -298. Let n = -329 - s. Let x be 2/4*-3*-4. What is the greatest common divisor of n and x?
6
Let h(v) = -v + 74. Let z be h(0). Let t = 2594 - 2557. Calculate the highest common factor of t and z.
37
Let g be (-8)/3*((-2)/(-11) - (-7936)/(-88)). What is the highest common divisor of g and 330?
30
Suppose -8*o + 800 = -4*o. Let s be (-12)/2 + (-7 - -1 - -262). Calculate the highest common factor of s and o.
50
Let z be (-1236)/(-48)*(-1 + 13 + 0). Suppose -5*q + 583 = 4*i, -q = -2*i - 0*q + z. What is the greatest common divisor of 228 and i?
76
Let p = 0 + -350. Let f = -300 - p. Calculate the highest common factor of f and 650.
50
Let p be (0 - -2)/((-4)/(-258)). Suppose -3123*w - 706 + 1867 = -3096*w. Calculate the greatest common divisor of p and w.
43
Let n(s) = s + 5. Let m be n(-9). Let a = m + 6. Let q be (3/15)/(a/110). What is the highest common factor of 77 and q?
11
Suppose -8571 + 48072 = 57*l. What is the highest common divisor of 792 and l?
99
Let f(o) = -o**3 - 8*o**2 + 4*o + 6. Let y be f(-9). Suppose -960 = -81*b + y*b. Calculate the greatest common divisor of 800 and b.
32
Suppose 9*y - 1974 = 214 + 188. Let r = 112 - 64. Calculate the highest common factor of r and y.
24
Let x(i) = 47*i + 553. Let a be x(30). Calculate the greatest common divisor of a and 755.
151
Suppose -4*w = -12 - 8. Suppose 2*v = -t - 4 + 22, -3*t + 2*v + 22 = 0. Suppose 15*f + t = 16*f. Calculate the highest common divisor of f and w.
5
Let q(y) = y + 6. Let d be q(-6). Suppose d = 4*w - 84 - 76. Suppose 12*j - 145 = 95. Calculate the highest common factor of j and w.
20
Let s be (1 - -11) + 0/9. Suppose 144 = s*t - 1296. Suppose -t = -6*v + 276. Calculate the greatest common factor of v and 6.
6
Let p be 5/(-3)*1680/(-200). Suppose c + 15*s = p*s + 21, -2*c + 5*s + 42 = 0. What is the greatest common divisor of 1659 and c?
21
Let p be (3/60*5)/((-9)/(-540)). What is the highest common factor of p and 63?
3
Let n(v) = 2*v**2 + 32*v + 22. Let g(i) = 6*i + 26. Let s be g(-7). Let f be n(s). What is the highest common factor of 110 and f?
22
Let x be 3 + -1 + (-1 - -20). Let p(b) = -b**3 + 20*b**2 + 17*b + 114. Let s be p(x). Calculate the highest common factor of 48 and s.
6
Let m be ((-780)/91)/((-34)/833*7). Let k be (1 + 3)*(-1 + 2). Suppose k*u - 210 = u. What is the highest common factor of u and m?
10
Suppose -4*y - 4 - 4 = 0, 3*i - 2 = y. Suppose i = -f - 3*f + 112. Suppose 0 = -17*s - 92 + 568. Calculate the greatest common factor of s and f.
28
Suppose -40*w + 411 = -i - 36*w, -20 = 4*w. Let t = i - -687. Calculate the highest common factor of t and 8.
8
Suppose 2*b + d = 100, 0 = -0*d + 5*d + 20. Let q(f) = -4*f**3 - 790*f**2 + 397*f + 224. Let k be q(-198). Calculate the highest common factor of b and k.
26
Suppose 4*q + 5*u - 59 = 441, -5*q = -u - 625. Let f = 529 + -474. Suppose 30 - f = -5*w. Calculate the highest common factor of q and w.
5
Suppose -15*q = -13*q - 2. Let i be (-332 - q)*(-29 - -28). What is the highest common factor of i and 74?
37
Let n(q) = q**2 - 8*q - 4. Suppose 0 = -5*r - 11 + 61. Let j be n(r). Let f = 546 - 418. What is the highest common factor of f and j?
16
Let v be 188*1/2 - (-1 + 3). Let k = v + -138. Let c = 110 + k. What is the highest common divisor of 8 and c?
8
Let n(q) = 2*q**2 - 2*q + 4. Let m be n(3). Let i(c) = c**3 - 18*c**2 - 320*c + 45. Let x be i(29). What is the greatest common divisor of m and x?
16
Let s(b) = -23*b + 25. Let l be s(-3). Let i = l - 86. Calculate the greatest common divisor of i and 88.
8
Let l(s) = -12*s + 16 - 37 - 60 + 13*s. Let b be l(16). Let d be ((-26)/b)/((-